{"id":28,"date":"2025-07-23T09:48:51","date_gmt":"2025-07-23T07:48:51","guid":{"rendered":"https:\/\/www.xaviereguillaume.be\/?page_id=28"},"modified":"2025-08-20T21:33:35","modified_gmt":"2025-08-20T19:33:35","slug":"mon-lieu-daccueil","status":"publish","type":"page","link":"https:\/\/www.xaviereguillaume.be\/index.php\/mon-lieu-daccueil\/","title":{"rendered":"Mon cadre th\u00e9rapeutique"},"content":{"rendered":"\n<figure class=\"wp-block-pullquote has-medium-font-size\"><blockquote><p>Pr\u00e9sence, \u00e9coute et authenticit\u00e9 au c\u0153ur de l\u2019accompagnement.<\/p><\/blockquote><\/figure>\n\n\n\n<p>Bienvenue dans cet espace o\u00f9 je partage les fondations de mon accompagnement. <\/p>\n\n\n\n<p>Vous y trouverez mes <a href=\"https:\/\/www.xaviereguillaume.be\/index.php\/mes-valeurs\/\" data-type=\"page\" data-id=\"311\">valeurs <\/a>qui soutiennent et guident ma posture, des <a href=\"https:\/\/www.xaviereguillaume.be\/index.php\/les-infos-pratiques\/\" data-type=\"page\" data-id=\"308\">informations concr\u00e8tes<\/a> pour organiser vos <a href=\"https:\/\/www.xaviereguillaume.be\/index.php\/prendre-rendez-vous\/\" data-type=\"page\" data-id=\"30\">rendez\u2011vous<\/a>, ainsi qu\u2019un aper\u00e7u de <a href=\"https:\/\/www.xaviereguillaume.be\/index.php\/comment-se-deroule-une-seance\/\" data-type=\"page\" data-id=\"305\">comment se d\u00e9roule une s\u00e9ance<\/a> afin de mieux comprendre la fa\u00e7on dont nous travaillons ensemble. <\/p>\n\n\n\n<p>Chaque rubrique vous permet de d\u00e9couvrir mon approche, et de vous sentir accueilli(e) en confiance et en authenticit\u00e9.<\/p>\n\n\n\n<p><\/p>\n","protected":false},"excerpt":{"rendered":"<p>Pr\u00e9sence, \u00e9coute et authenticit\u00e9 au c\u0153ur de l\u2019accompagnement. Bienvenue dans cet espace o\u00f9 je partage les fondations de mon accompagnement. Vous y trouverez mes valeurs qui soutiennent et guident ma posture, des informations concr\u00e8tes pour organiser vos rendez\u2011vous, ainsi qu\u2019un aper\u00e7u de comment se d\u00e9roule une s\u00e9ance afin de mieux comprendre la fa\u00e7on dont nous travaillons ensemble. Chaque rubrique vous permet de d\u00e9couvrir mon approche, et de vous sentir accueilli(e) en confiance et en authenticit\u00e9.<\/p>\n","protected":false},"author":1,"featured_media":0,"parent":0,"menu_order":0,"comment_status":"closed","ping_status":"closed","template":"","meta":{"footnotes":""},"class_list":["post-28","page","type-page","status-publish","hentry"],"_links":{"self":[{"href":"https:\/\/www.xaviereguillaume.be\/index.php\/wp-json\/wp\/v2\/pages\/28","targetHints":{"allow":["GET"]}}],"collection":[{"href":"https:\/\/www.xaviereguillaume.be\/index.php\/wp-json\/wp\/v2\/pages"}],"about":[{"href":"https:\/\/www.xaviereguillaume.be\/index.php\/wp-json\/wp\/v2\/types\/page"}],"author":[{"embeddable":true,"href":"https:\/\/www.xaviereguillaume.be\/index.php\/wp-json\/wp\/v2\/users\/1"}],"replies":[{"embeddable":true,"href":"https:\/\/www.xaviereguillaume.be\/index.php\/wp-json\/wp\/v2\/comments?post=28"}],"version-history":[{"count":25,"href":"https:\/\/www.xaviereguillaume.be\/index.php\/wp-json\/wp\/v2\/pages\/28\/revisions"}],"predecessor-version":[{"id":318,"href":"https:\/\/www.xaviereguillaume.be\/index.php\/wp-json\/wp\/v2\/pages\/28\/revisions\/318"}],"wp:attachment":[{"href":"https:\/\/www.xaviereguillaume.be\/index.php\/wp-json\/wp\/v2\/media?parent=28"}],"curies":[{"name":"wp","href":"https:\/\/api.w.org\/{rel}","templated":true}]}}