{"id":124,"date":"2025-07-26T14:23:35","date_gmt":"2025-07-26T12:23:35","guid":{"rendered":"https:\/\/www.xaviereguillaume.be\/?page_id=124"},"modified":"2025-08-20T22:05:54","modified_gmt":"2025-08-20T20:05:54","slug":"les-constellations-familiales","status":"publish","type":"page","link":"https:\/\/www.xaviereguillaume.be\/index.php\/les-constellations-familiales\/","title":{"rendered":"Les constellations familiales"},"content":{"rendered":"\n<figure class=\"wp-block-pullquote has-medium-font-size\"><blockquote><p>Un autre regard sur nos liens invisibles<\/p><\/blockquote><\/figure>\n\n\n\n<p>Les constellations familiales, d\u00e9velopp\u00e9es dans les ann\u00e9es 1980 par le psychoth\u00e9rapeute allemand <strong>Bert Hellinger<\/strong>, r\u00e9v\u00e8lent les <strong>dynamiques inconscientes<\/strong> et les <strong>loyaut\u00e9s invisibles<\/strong> au sein de nos <strong>syst\u00e8mes familiaux<\/strong>.<br>Souvent h\u00e9rit\u00e9es de nos anc\u00eatres, ces dynamiques influencent profond\u00e9ment <strong>nos choix, nos \u00e9motions<\/strong> et notre mani\u00e8re de <strong>vivre dans l\u2019ici et maintenant<\/strong>.<\/p>\n\n\n\n<blockquote class=\"wp-block-quote is-layout-flow wp-block-quote-is-layout-flow\">\n<p style=\"margin-top:var(--wp--preset--spacing--60);margin-bottom:var(--wp--preset--spacing--60);font-size:17px\"><em>\u00ab Ce que tu refuses de transformer, te d\u00e9truit. \u00bb<\/em><br>\u2014 C.G. Jung, <em>La symbolique du Moi<\/em>.<\/p>\n<\/blockquote>\n\n\n\n<p class=\"has-medium-font-size\" style=\"margin-top:var(--wp--preset--spacing--60);margin-bottom:var(--wp--preset--spacing--60)\">Accueillir ce qui est pour transformer<\/p>\n\n\n\n<p><em>C\u2019est dans cette pr\u00e9sence consciente, ancr\u00e9e dans l\u2019accueil du r\u00e9el et lib\u00e9r\u00e9e du jugement, qu\u2019une v\u00e9ritable transformation int\u00e9rieure peut s\u2019op\u00e9rer.<\/em><\/p>\n\n\n\n<p>En pratique, les constellations familiales utilisent :<\/p>\n\n\n\n<p>\u2665  <strong>le corps et ses ressentis<\/strong>,<\/p>\n\n\n\n<p>\u2665  <strong>le symbolisme et les arch\u00e9types,<\/strong><\/p>\n\n\n\n<p>\u2665  <strong>la mise en espace des repr\u00e9sentants <\/strong>du syst\u00e8me,<\/p>\n\n\n\n<p>\u2665  <strong>la libre \u00e9mergence des mouvements intuitifs<\/strong>, chaque mouvement ouvrant \u00e0 de <strong>nouveaux ressentis<\/strong> et \u00e0 une <strong>r\u00e9organisation naturelle<\/strong> du syst\u00e8me.<\/p>\n\n\n\n<p>Mon accompagnement int\u00e8gre, lorsque cela est juste, cet <strong>outil puissant<\/strong> comme un <strong>espace d\u2019exploration<\/strong> pour r\u00e9v\u00e9ler <strong>ces liens invisibles<\/strong> et soutenir le chemin de transformation de <strong>chaque femme<\/strong>, dans <strong>la douceur et le respect<\/strong>.<\/p>\n\n\n\n<figure class=\"wp-block-pullquote has-medium-font-size\"><blockquote><p><em>\u00ab L\u00e0 o\u00f9 l\u2019amour est interrompu, la vie s\u2019arr\u00eate.<br>Quand l\u2019amour reprend sa place, la vie recommence \u00e0 circuler. \u00bb<\/em><\/p><cite>Bert Hellinger, <em>Les ordres de l\u2019amour<\/em>, 1999<\/cite><\/blockquote><\/figure>\n\n\n\n<p><\/p>\n","protected":false},"excerpt":{"rendered":"<p>Un autre regard sur nos liens invisibles Les constellations familiales, d\u00e9velopp\u00e9es dans les ann\u00e9es 1980 par le psychoth\u00e9rapeute allemand Bert Hellinger, r\u00e9v\u00e8lent les dynamiques inconscientes et les loyaut\u00e9s invisibles au sein de nos syst\u00e8mes familiaux.Souvent h\u00e9rit\u00e9es de nos anc\u00eatres, ces dynamiques influencent profond\u00e9ment nos choix, nos \u00e9motions et notre mani\u00e8re de vivre dans l\u2019ici et maintenant. \u00ab Ce que tu refuses de transformer, te d\u00e9truit. \u00bb\u2014 C.G. Jung, La symbolique du Moi. Accueillir ce qui est pour transformer C\u2019est dans cette pr\u00e9sence consciente, ancr\u00e9e dans l\u2019accueil du r\u00e9el et lib\u00e9r\u00e9e du jugement, qu\u2019une v\u00e9ritable transformation int\u00e9rieure peut s\u2019op\u00e9rer. En pratique, les constellations familiales utilisent : \u2665 le corps et ses ressentis, \u2665 le symbolisme et les arch\u00e9types, \u2665 la mise en espace des repr\u00e9sentants du syst\u00e8me, \u2665 la libre \u00e9mergence des mouvements intuitifs, chaque mouvement ouvrant \u00e0 de nouveaux ressentis et \u00e0 une r\u00e9organisation naturelle du syst\u00e8me. Mon accompagnement int\u00e8gre, lorsque cela est juste, cet outil puissant comme un espace d\u2019exploration pour r\u00e9v\u00e9ler ces liens invisibles et soutenir le chemin de transformation de chaque femme, dans la douceur et le respect. \u00ab L\u00e0 o\u00f9 l\u2019amour est interrompu, la vie s\u2019arr\u00eate.Quand l\u2019amour reprend sa place, la vie recommence \u00e0 circuler. \u00bb Bert Hellinger, Les ordres de l\u2019amour, 1999<\/p>\n","protected":false},"author":1,"featured_media":0,"parent":0,"menu_order":0,"comment_status":"closed","ping_status":"closed","template":"","meta":{"footnotes":""},"class_list":["post-124","page","type-page","status-publish","hentry"],"_links":{"self":[{"href":"https:\/\/www.xaviereguillaume.be\/index.php\/wp-json\/wp\/v2\/pages\/124","targetHints":{"allow":["GET"]}}],"collection":[{"href":"https:\/\/www.xaviereguillaume.be\/index.php\/wp-json\/wp\/v2\/pages"}],"about":[{"href":"https:\/\/www.xaviereguillaume.be\/index.php\/wp-json\/wp\/v2\/types\/page"}],"author":[{"embeddable":true,"href":"https:\/\/www.xaviereguillaume.be\/index.php\/wp-json\/wp\/v2\/users\/1"}],"replies":[{"embeddable":true,"href":"https:\/\/www.xaviereguillaume.be\/index.php\/wp-json\/wp\/v2\/comments?post=124"}],"version-history":[{"count":25,"href":"https:\/\/www.xaviereguillaume.be\/index.php\/wp-json\/wp\/v2\/pages\/124\/revisions"}],"predecessor-version":[{"id":334,"href":"https:\/\/www.xaviereguillaume.be\/index.php\/wp-json\/wp\/v2\/pages\/124\/revisions\/334"}],"wp:attachment":[{"href":"https:\/\/www.xaviereguillaume.be\/index.php\/wp-json\/wp\/v2\/media?parent=124"}],"curies":[{"name":"wp","href":"https:\/\/api.w.org\/{rel}","templated":true}]}}